d by d.
4
Let p(l) = -l**2 - l**3 + 1 + 5*l - 3 + 3*l**2. Let w = 3 - 1. What is the remainder when p(3) is divided by w?
0
Suppose 4*z = -k + 291, 0*z + 3*z = -k + 219. What is the remainder when z is divided by 19?
15
Let j = 2 + 3. Let g(k) = 4 - j*k + 0*k - 3 + k**2 + 0*k**2. Calculate the remainder when 29 is divided by g(7).
14
Let n(t) = -t**2 + 9*t - 5. Let u = 8 - 4. Suppose -2*j - u = -90. Calculate the remainder when j is divided by n(4).
13
Suppose k = 2*k - 74. What is the remainder when k is divided by 25?
24
Let q = -14 - -16. Suppose d + 50 = 6*d + t, -q*t + 37 = 3*d. Calculate the remainder when 34 is divided by d.
7
Let z = -23 + 38. What is the remainder when 42 is divided by z?
12
Let a(r) = 2*r. Let i(g) = -g**3 - 5*g**2 - 7*g - 5. What is the remainder when a(10) is divided by i(-4)?
6
Calculate the remainder when 17 is divided by 260/(-39)*(-6)/4.
7
Let g(y) = -4*y - 7. Calculate the remainder when 29 is divided by g(-3).
4
What is the remainder when 97 is divided by 42/(4/(-2 + 4))?
13
Suppose k = 5*k - 4. What is the remainder when 20 is divided by 54/6 + 2/k?
9
Suppose 10 = -2*x + 4*x. Let h = -3 + x. Suppose 0*p + 5*p - 10 = 0. What is the remainder when p is divided by h?
0
Suppose -2*w + c + 1 = 0, -c + 2 = 3*w - 2. What is the remainder when 2 is divided by w?
0
Let o be 1 - 1 - -4 - -4. Let m(b) = 3*b - 20. Calculate the remainder when 9 is divided by m(o).
1
Let t be (-1 + (-2)/(-4))*0. Suppose -n + 2*n - 34 = t. Calculate the remainder when n is divided by 12.
10
Let s be (-4)/(-6) + (-92)/(-6). Let j = -9 + s. Calculate the remainder when (6/(-3))/((-2)/20) is divided by j.
6
Let q(a) = a**2 + 6*a + 6. What is the remainder when 21 is divided by q(-6)?
3
Suppose -6 = -4*z + 6. Suppose -z*d + 82 = -122. Suppose 0 = -2*m - 3*m + 115. Calculate the remainder when d is divided by m.
22
Let h(b) = -15*b - 4. What is the remainder when h(-3) is divided by (-8)/16*6 + 15 + -1?
8
Let x = -118 - -128. Calculate the remainder when 48 is divided by x.
8
Calculate the remainder when 9*1 + -14 + 13 is divided by 6.
2
Suppose -21 = 4*i - 197. Suppose -4*f - 3*n + 7 = 0, -3*f + 7*f = n - 13. What is the remainder when i is divided by -6*5/f + 0?
14
Let q = 30 - 7. What is the remainder when 45 is divided by q?
22
Suppose -4*p = -2*h + 480, -h + 5*p = -0*h - 249. Calculate the remainder when h is divided by 59.
57
Suppose -3*q = j - 19, 4*j = 2*j - 3*q + 44. Calculate the remainder when 97 is divided by j.
22
Let g = 33 - 28. Calculate the remainder when 13 is divided by g.
3
Let j = -6 - 0. Calculate the remainder when (13*1)/((-2)/j) is divided by 10.
9
Let m = -1 + 3. Let l(a) = 11*a - 1. Let z(i) = 62*i**2 + i - 1. What is the remainder when z(1) is divided by l(m)?
20
Let x be (-3 + 1)*525/(-14). Suppose -3*j + 16 - x = -2*i, 4*i - 94 = -2*j. Calculate the remainder when 98 is divided by i.
23
Calculate the remainder when 81 is divided by (-687)/(-33) - (-12)/66.
18
Let w(k) = -1 - 4*k - k - 5*k. Calculate the remainder when w(-4) is divided by 21.
18
Suppose 0 = 3*v + 2*h - 0*h - 81, -5*h = -4*v + 131. Calculate the remainder when 83 is divided by v.
25
Suppose -2*f + 0 = -10. Let l(d) = 2 - 2*d + 3*d + 0. Calculate the remainder when l(f) is divided by 3.
1
Let z(k) = k**3. Let l(b) = 8*b**2 - 11. Let y(j) = -l(j) - z(j). Suppose 0*n = -n - 8. Calculate the remainder when 20 is divided by y(n).
9
Suppose -4*u = 3*c - c, 0 = -5*u - 10. Let m(o) = -5*o + 2. Let f(q) = -14*q + 5. Let r(l) = -4*f(l) + 11*m(l). What is the remainder when r(8) is divided by c?
2
Suppose -3 = g - 12. Let n = 128 - 48. Suppose 2*x = -3*x + n. Calculate the remainder when x is divided by g.
7
Let d = -6 - -6. Suppose -4*x + 8 + 4 = d. Suppose 0 = n - x*o - 10 - 13, -4*o = 4*n - 28. Calculate the remainder when n is divided by 4.
3
What is the remainder when (-1 + -9)/((-2)/37) is divided by 21?
17
Suppose -j = 4*f - 3, 4*f + 0 - 5 = j. Calculate the remainder when 20 is divided by 8 - (0/(-2) + f).
6
Let c(k) = 4*k + 4 - 1 + 2. Let g be c(4). Suppose -5*z = v - 2 - g, 4*v = -3*z + 41. What is the remainder when 23 is divided by v?
7
Let k = -63 - -66. Calculate the remainder when 3 is divided by k.
0
What is the remainder when 5/((2 - 0) + (-3)/3) is divided by 4?
1
Let m(a) = -2*a - 9. Let b be m(-6). Suppose 0 = b*x - 4*x + 45. Calculate the remainder when x is divided by 23.
22
Let p(r) be the second derivative of r**4/6 + 5*r**3/3 - r**2 - 3*r. What is the remainder when p(-7) is divided by 9?
8
Suppose -6*m = -8*m + 42. Calculate the remainder when m is divided by 8.
5
Suppose -3*s = -5*a + 32 + 47, 2*s + 48 = 3*a. Calculate the remainder when 26 is divided by a.
12
Let n(r) = -r**3 + 8*r**2 + 12*r - 1. Calculate the remainder when 51 is divided by n(9).
25
Let g(w) be the third derivative of w**5/60 + w**4/24 + w**3/2 + 3*w**2. Calculate the remainder when 26 is divided by g(2).
8
Let d = 20 - -33. Calculate the remainder when d is divided by 27.
26
Suppose 2*i - 104 = -0*i. Suppose 3*o - 216 = -0*o. What is the remainder when i is divided by (o/10)/((-2)/(-5))?
16
Let y be -3*(-4)/12 + -1. Suppose -d + 3*d + 10 = 0, y = -3*z - d + 55. What is the remainder when z is divided by 11?
9
Suppose j - 20 = -v - 2*j, 0 = -3*v + 3*j + 48. Calculate the remainder when v is divided by 10.
7
Let y(i) be the second derivative of i**3 - 3*i**2/2 + 4*i. What is the remainder when y(4) is divided by 11?
10
Suppose 2*o + 3*c - 9 = -0, 0 = 5*c - 25. What is the remainder when 53 is divided by (3/4)/(o/(-72))?
17
Suppose 2*g - 4*w + 5*w = 6, 0 = -4*w. Suppose 4*f - 27 = f - g*o, -2*f = o - 19. Calculate the remainder when 28 is divided by f.
8
Suppose 3*n - 156 = 177. Calculate the remainder when n is divided by 28.
27
Suppose -200 = 4*c - 9*c. Calculate the remainder when c is divided by ((-31)/5 + 7)/(2/35).
12
Let q = -12 + 78. What is the remainder when q is divided by 17?
15
Suppose -20 = -2*i - 4*g, 4*i + 3*g + 50 = 9*i. Calculate the remainder when 37 is divided by i.
7
Let o(g) = 4*g - 2. What is the remainder when 3 is divided by o(1)?
1
Suppose 0 = 2*x + 2*m - 96, 2*m = 3*m - 2. Calculate the remainder when x is divided by 24.
22
Let x(j) = -j + 1 + 4*j + 2*j**2 - 3. Suppose 2*w + w + 9 = 0. What is the remainder when 19 is divided by x(w)?
5
What is the remainder when 4 is divided by 176/(-40) + 5 + 14/10?
0
Suppose 0 = -n - 0*n + 5. Suppose 2*g = 3*w + 7*g - 67, 0 = -w - 2*g + 23. Calculate the remainder when w is divided by n.
4
What is the remainder when (32/(-12))/((-2)/21) is divided by 15?
13
Suppose 9*m - 120 = 5*m. Calculate the remainder when m is divided by 11.
8
Suppose 0 = 4*d - 12, 4*d - 52 = -0*x - 4*x. Suppose x = 4*f - 26. Calculate the remainder when 33 is divided by f.
6
Suppose -b + 8 = -5*y, 0*y + 4*y = 2*b - 34. Suppose -3 = -5*h - b. Let w = h + 37. Calculate the remainder when w is divided by 9.
6
Suppose 5*a + 2*x - 212 = -0*x, a = x + 41. What is the remainder when a is divided by 15?
12
Let m(g) = g**2 + 11*g + 11. Calculate the remainder when m(6) is divided by 29.
26
Suppose -5*h + 0*y + 392 = -4*y, 3*y = 2*h - 161. Let u = -54 + h. What is the remainder when 87 is divided by u?
21
Suppose 1 = -m - 3*p + 2, -5*p = -m + 9. Suppose -2*i - 2*i + m = 0, 0 = q - i - 5. Calculate the remainder when q/(-27) + (-330)/(-27) is divided by 7.
5
Let p(r) = r**3 + 7*r**2 + 5*r - 2. What is the remainder when 48 is divided by p(-4)?
22
Let x(p) = -p + 10. Let f = 17 + 33. What is the remainder when f is divided by x(-7)?
16
Let h be (-120)/(-21) + 8/28. Suppose -h*t + t + 150 = 0. Calculate the remainder when t is divided by 11.
8
Let l = -38 - -67. What is the remainder when (-4)/22 + (-4980)/(-44) is divided by l?
26
Suppose 6 = 2*t - 22. Let p(f) = f**2 + f - 3. Let h = -18 - -12. What is the remainder when p(h) is divided by t?
13
Suppose -3*d - 2*c = -6, 6 = -3*d + 2*c - 0. Suppose -3*h - 101 + 485 = d. Suppose -p = -5*p + h. What is the remainder when p is divided by 11?
10
Suppose -8 = -g - 5*y, -3*y + 0*y = -3. Suppose g*f + b = -f + 217, 5*f - 2*b = 268. What is the remainder when f is divided by 14?
12
Let p(q) = 5*q - 3. What is the remainder when p(6) is divided by 7?
6
Let y(u) = -106*u**2 - u - 1. Let i be y(-1).